29*z - 27*z = -q + 238. What is the highest common divisor of z and 36?
12
Suppose 0 = 3*x - x - 408. Let s be x/8 - (-1)/(-2). Let g(c) = 6*c**2 + 1. Let w be g(-2). What is the greatest common factor of s and w?
25
Let y(m) = m**2 + 10 - 2*m - 18 + 3. Let d be y(7). Suppose -4*f + 5*g + 75 = 0, -5*g + 7 - 97 = -5*f. What is the highest common factor of f and d?
15
Suppose -213*u = -215*u + 138. Let l be ((-184)/u)/((-1)/3). Calculate the highest common divisor of 32 and l.
8
Let q be (27 + 25/(-5))/2. Suppose n - 59 = l + l, 5*n + 2*l = 271. Calculate the highest common divisor of n and q.
11
Let b be (-4 + 10 + 1)*3. Calculate the greatest common divisor of 392 and b.
7
Let t be 20*(9/2 - 4). Let g(f) = f**3 - 8*f**2 - 8*f - 24. Let d be g(t). Calculate the greatest common factor of d and 24.
24
Let k(x) = 152*x - 18. Let l be k(2). Calculate the greatest common divisor of l and 11.
11
Suppose 5*l - 734 + 238 = 4*n, n - 1 = 0. Suppose -2*f = -4*p - 5 - 115, -3*p - f = l. Let c = -27 - p. What is the highest common divisor of 10 and c?
5
Let c = 444 - 372. Calculate the highest common divisor of 153 and c.
9
Suppose 2*z + 5*c = 23 + 72, 0 = -z + 4*c + 28. What is the highest common divisor of 2360 and z?
40
Suppose 11*p - 6*p = 450. What is the greatest common factor of p and 40?
10
Suppose 4*w = -14 + 38. Let l(c) = -c**3 - 4*c**2 - 4*c - 1. Let j be l(-3). What is the highest common factor of j and w?
2
Suppose -11*t + 3460 = -830. What is the greatest common factor of 150 and t?
30
Let f be 3/2*(-4 - 448/(-24)). What is the greatest common factor of 6 and f?
2
Let u(d) = -17*d**2 - 60*d + 3. Let i be u(-3). What is the greatest common divisor of i and 90?
30
Suppose -10*x + 10 = -5*x. What is the greatest common factor of x and 4?
2
Suppose 3*f - 4*y - 124 = 10, -2*y - 48 = -f. Let h = f - 19. Calculate the highest common divisor of 19 and h.
19
Suppose -5*q + 15 + 15 = g, 5*g = 2*q - 12. Let j be (0/(-1) - 1) + 5. What is the highest common divisor of j and q?
2
Let j = 986 - 959. What is the highest common factor of 477 and j?
9
Suppose 0 = -3*c - 0*c. Suppose 0*i = f - 2*i - 22, -4*f + 2*i + 106 = c. Let g be 12/(1 - 0) - -2. What is the greatest common factor of f and g?
14
Suppose 3*d - 159 = -o, -4*d = o - 9*d - 167. Calculate the highest common factor of 12 and o.
6
Let g be (-2)/(((-189)/(-24) - 4) + -4). Suppose 4*w = 82 - 18. What is the highest common factor of g and w?
16
Let o(w) = 4*w. Let h be o(-5). Let t = 25 + h. Calculate the greatest common factor of 5 and t.
5
Let b = 6 + -4. Let c(a) = a**3 - a - 1. Let x be c(b). What is the greatest common divisor of 45 and x?
5
Suppose 2*h + 75 + 63 = 5*k, 0 = 2*k + 3*h - 40. What is the greatest common factor of 39 and k?
13
Suppose -18 = 2*n - 28. Suppose -2*a + p = 2*a + 11, 3*a + 15 = 3*p. Let u = a - -7. Calculate the greatest common factor of u and n.
5
Suppose -4*o + 9 = -27. Calculate the highest common factor of 9 and o.
9
Let i(s) be the second derivative of -s**3/2 - 20*s**2 + 33*s. Let m be i(-16). Calculate the highest common divisor of m and 104.
8
Suppose -15 = -z - 4*z. Let t = 33 - -34. Suppose -3*h + t = -2*x, z*h - 4*x + 41 = 4*h. Calculate the highest common factor of h and 5.
5
Suppose -14*a + 68 = 12. Let q be ((-70)/8)/((-15)/(-4) - a). Let r(p) = 175*p**3. Let d be r(1). What is the highest common factor of q and d?
35
Let i = -501 - -1249. Calculate the greatest common divisor of i and 68.
68
Suppose 10*g = 8*g - 372. Let n = g + 298. Let m(b) = 13*b**3 + b. Let y be m(1). Calculate the greatest common factor of n and y.
14
Let p(o) = o**3 - 5*o**2 - 11*o + 15. Let w be p(5). Let n be ((-2)/(-4))/((-1)/w). Calculate the greatest common divisor of n and 40.
20
Suppose 4*s - 27 = -i, 0 = -5*s - 2*i + 107 - 71. Suppose 0*o = o - 54. Calculate the greatest common factor of o and s.
6
Suppose -260 = -4*t - t. Let q = t + -17. Suppose m = 2*m - 5. What is the greatest common factor of q and m?
5
Let p = -2365 - -2519. Calculate the greatest common factor of 266 and p.
14
Let u(q) = q**3 + 10*q**2 - 8*q + 27. Let x be u(-11). Let s be 32 + (x - (-2 - 2)). Calculate the highest common factor of s and 20.
10
Let z(i) = -i**3 + 82*i**2 + 81*i + 190. Let d be z(83). What is the greatest common divisor of d and 1336?
8
Suppose -3*m + 34 = -m. Calculate the highest common factor of 153 and m.
17
Suppose t + 7 = -3*u, 33 = 7*t - 2*t - 2*u. Suppose -5*z + 225 = t*d, -60 = -2*z - 3*d + 7*d. Calculate the greatest common divisor of z and 20.
20
Let u(n) = -36*n - 2. Let h = -20 + 18. Let y be u(h). What is the greatest common factor of 14 and y?
14
Let w(t) = t**2 - 14*t - 119. Let m be w(21). Calculate the highest common divisor of m and 91.
7
Suppose 10 = 4*v - 6. Let c(p) be the second derivative of 7*p**3/6 - 17*p**2/2 - 23*p. Let t be c(3). Calculate the greatest common divisor of t and v.
4
Suppose -4*t = -7*t + 3*k - 27, -5 = 5*k. Let f be -2 + (-4 - -1) + (t - -19). Calculate the highest common divisor of f and 44.
4
Suppose 0 = -4*b + 3*r - 621, b + 4*r - 139 = 2*b. Let v = 275 + b. Suppose 0 = -2*w + 6*w - v. What is the highest common factor of 203 and w?
29
Let g(z) = 20*z**3 + z**2 + 2*z - 2. Let a(m) = m**3 - 12*m**2 + 15*m - 43. Let n be a(11). Let v be g(n). Calculate the greatest common divisor of v and 14.
7
Let k(y) = 3*y**2 + 6*y. Let o be k(-5). Let a be (-192)/432 - (-85)/9. What is the greatest common factor of a and o?
9
Suppose 2*x - 515 = -5*s, 3*x - 5*s = -3*s + 725. Calculate the greatest common factor of x and 5.
5
Let t be 65*2/10*(1 - 0). Suppose a - 39 = -3*a + 3*w, -a = 5*w + 19. Suppose -59 = -d + a. What is the greatest common divisor of t and d?
13
Suppose -2*d = -d - 105. Let h(y) = y**2 + 12*y + 3. Let j be h(-8). Let l = 44 + j. What is the highest common divisor of l and d?
15
Let i = 15 + 1. Suppose 5*t = -4*y + 16, 12 = 5*y - 2*y. Suppose t = 2*n - 109 + 29. Calculate the greatest common factor of n and i.
8
Suppose 7*d - 35 + 7 = 0. Suppose 2*l = -3*y + 192, d*y + 8 = -0*y. What is the greatest common factor of 11 and l?
11
Suppose -61*l + 63*l = 118. Suppose 9*w - 230 = -l. Calculate the greatest common divisor of 57 and w.
19
Suppose 2*l - 2*k = 86, 2*l + 4*k - 15 = 59. Let w = l + -18. Let b = w - -3. What is the greatest common divisor of b and 39?
13
Let n(j) = 3*j**3 + 11*j**2 + 11*j - 70. Let g be n(4). What is the greatest common factor of 36 and g?
18
Suppose -2*k + s + 8952 = 3*k, -2*k = -s - 3582. Calculate the highest common factor of k and 10.
10
Let b = -75 + 66. Let p be 4/b*3 + (-316)/(-12). What is the greatest common factor of 200 and p?
25
Suppose 7*b = 12*b - 30. Let j = -26 - -18. Let x = j - -11. Calculate the greatest common factor of b and x.
3
Let x = 26 - 10. Let j(i) = i**3 - 7*i**2 + 7*i - 1. Let h be j(7). What is the greatest common divisor of h and x?
16
Suppose 14*q - 508 = -172. Calculate the highest common factor of q and 152.
8
Suppose 0*a = 11*a - 11. Let i be -2 + a*(0 - -82). Suppose z - 3*c - 1 = -3, 4*z = -4*c + 56. What is the highest common factor of i and z?
10
Suppose -522 = 6*i - 15*i. Let k = 108 - i. Calculate the highest common factor of k and 25.
25
Let u be 207 + (7 - 1)/2. What is the highest common divisor of 126 and u?
42
Suppose -h - 179 = -2*x, -2*h + 251 = 2*x + x. What is the highest common factor of x and 261?
87
Let i = 36 + 16. Suppose -3*j + 3*t + 165 = 0, -2*t + 12 + i = j. Calculate the highest common factor of j and 29.
29
Let q = -16 - -22. Let m be (2/3)/(q/9). Suppose -3*j + 2 = -m. Calculate the greatest common divisor of j and 7.
1
Let n be (21 - (0 + 0))*(14 + -13). Suppose 0 = 3*a + a - 28. Calculate the highest common factor of n and a.
7
Let a = -70 - -75. Suppose 219 = 3*p + 4*z - 17, -a*p + 3*z + 432 = 0. Let t = 6 + 6. What is the highest common divisor of t and p?
12
Let h(z) = z + 92. Let g be h(-6). What is the greatest common factor of 387 and g?
43
Let j be 8/60*6*25. Let m(w) = -10*w + 4. Let h be m(-7). Suppose -46 = -4*i + h. Calculate the greatest common divisor of j and i.
10
Suppose -3*u - w = -2*w - 203, 0 = 3*u - 4*w - 191. Suppose 2*c - u - 225 = 0. What is the greatest common divisor of c and 21?
21
Let m = 7 + -4. Suppose -126 = x + m*